 the prime factors of 1204176?
2, 3, 25087
What are the prime factors of 482371?
482371
What are the prime factors of 217996?
2, 54499
List the prime factors of 179926.
2, 89963
List the prime factors of 3288731.
47, 167, 419
What are the prime factors of 13353744?
2, 3, 37, 73, 103
What are the prime factors of 321841?
13, 19, 1303
List the prime factors of 70399.
7, 89, 113
List the prime factors of 33714.
2, 3, 1873
List the prime factors of 49756.
2, 7, 1777
List the prime factors of 656124.
2, 3, 7, 73, 107
List the prime factors of 15086165.
5, 3017233
List the prime factors of 13897851.
3, 11, 421147
List the prime factors of 5618251.
43, 130657
List the prime factors of 9952213.
9952213
List the prime factors of 167714.
2, 83857
List the prime factors of 602881.
29, 20789
What are the prime factors of 542842?
2, 269, 1009
List the prime factors of 715235.
5, 53, 2699
What are the prime factors of 2097797?
13, 12413
List the prime factors of 889.
7, 127
List the prime factors of 5938840.
2, 5, 148471
List the prime factors of 1886171.
7, 59, 4567
What are the prime factors of 178237?
137, 1301
What are the prime factors of 811969?
23, 43, 821
What are the prime factors of 471554?
2, 137, 1721
List the prime factors of 12791566.
2, 37, 172859
What are the prime factors of 5974694?
2, 11, 59, 4603
List the prime factors of 6193.
11, 563
What are the prime factors of 1602018?
2, 3, 11, 29, 31
List the prime factors of 1802913.
3, 7, 85853
What are the prime factors of 177694?
2, 11, 41, 197
List the prime factors of 396357.
3, 13, 10163
What are the prime factors of 1675110?
2, 3, 5, 55837
What are the prime factors of 2234960?
2, 5, 7, 13, 307
What are the prime factors of 1364999?
107, 12757
What are the prime factors of 475139?
7, 103, 659
List the prime factors of 207113.
207113
What are the prime factors of 962400?
2, 3, 5, 401
What are the prime factors of 502698?
2, 3, 7, 11969
List the prime factors of 664260.
2, 3, 5, 11071
What are the prime factors of 1205426?
2, 602713
List the prime factors of 113371.
113371
What are the prime factors of 3316401?
3, 11, 139, 241
List the prime factors of 1078641.
3, 119849
What are the prime factors of 8846944?
2, 276467
List the prime factors of 34762894.
2, 19, 914813
What are the prime factors of 112665?
3, 5, 7, 29, 37
List the prime factors of 6196094.
2, 31, 37, 73
List the prime factors of 680653.
67, 10159
List the prime factors of 437174.
2, 241, 907
What are the prime factors of 488272?
2, 30517
List the prime factors of 291861.
3, 32429
List the prime factors of 466305.
3, 5, 7, 4441
List the prime factors of 642733.
7, 13, 1009
List the prime factors of 736249.
736249
List the prime factors of 202818.
2, 3, 7, 11, 439
List the prime factors of 754945.
5, 150989
What are the prime factors of 946936?
2, 41, 2887
What are the prime factors of 195783?
3, 7, 9323
List the prime factors of 12971964.
2, 3, 239, 4523
List the prime factors of 1925604.
2, 3, 89, 601
What are the prime factors of 543141?
3, 29, 2081
What are the prime factors of 834203?
47, 17749
What are the prime factors of 842816?
2, 13, 1013
List the prime factors of 3041679.
3, 1013893
What are the prime factors of 30079934?
2, 15039967
List the prime factors of 1255720.
2, 5, 31393
What are the prime factors of 898796?
2, 224699
List the prime factors of 3663692.
2, 233, 3931
What are the prime factors of 1287107?
29, 44383
List the prime factors of 5411864.
2, 29, 23327
What are the prime factors of 688720?
2, 5, 8609
List the prime factors of 14087306.
2, 37, 190369
List the prime factors of 22395598.
2, 29, 386131
What are the prime factors of 199828?
2, 49957
What are the prime factors of 358609?
97, 3697
List the prime factors of 9430470.
2, 3, 5, 7, 14969
What are the prime factors of 724323?
3, 241441
List the prime factors of 3943428.
2, 3, 328619
What are the prime factors of 684113?
684113
What are the prime factors of 242349?
3, 80783
What are the prime factors of 8688058?
2, 4344029
List the prime factors of 83160.
2, 3, 5, 7, 11
What are the prime factors of 221516?
2, 79, 701
List the prime factors of 1351431.
3, 50053
List the prime factors of 414023.
23, 47, 383
List the prime factors of 24412512.
2, 3, 109, 2333
List the prime factors of 141913.
191, 743
What are the prime factors of 1587923?
1587923
What are the prime factors of 7185883?
17, 139, 3041
What are the prime factors of 398049?
3, 277, 479
List the prime factors of 253561.
7, 11, 37, 89
What are the prime factors of 739199?
739199
List the prime factors of 1924081.
1924081
List the prime factors of 622288.
2, 19, 23, 89
What are the prime factors of 32684929?
32684929
List the prime factors of 8695195.
5, 1739039
List the prime factors of 7500268.
2, 1875067
What are the prime factors of 2318154?
2, 3, 17, 22727
What are the prime factors of 1613137?
1223, 1319
What are the prime factors of 19608587?
19608587
List the prime factors of 1888170.
2, 3, 5, 62939
List the prime factors of 238674.
2, 3, 39779
What are the prime factors of 5478794?
2, 17, 161141
What are the prime factors of 152668?
2, 38167
List the prime factors of 1820612.
2, 191, 2383
List the prime factors of 10961131.
10961131
What are the prime factors of 587207?
79, 7433
List the prime factors of 15574504.
2, 11, 176983
What are the prime factors of 3539140?
2, 5, 11, 16087
What are the prime factors of 601467?
3, 157, 1277
List the prime factors of 193.
193
List the prime factors of 521316.
2, 3, 1609
What are the prime factors of 18875684?
2, 173, 27277
What are the prime factors of 1341888?
2, 3, 29, 241
What are the prime factors of 197851?
67, 2953
What are the prime factors of 210658?
2, 7, 41, 367
What are the prime factors of 2068203?
3, 17, 107, 379
What are the prime factors of 167600?
2, 5, 419
List the prime factors of 3795246.
2, 3, 7, 13, 331
What are the prime factors of 5807117?
41, 141637
List the prime factors of 492341.
113, 4357
List the prime factors of 306071.
19, 89, 181
What are the prime factors of 22801731?
3, 37, 205421
List the prime factors of 1199228.
2, 299807
What are the prime factors of 449750?
2, 5, 7, 257
What are the prime factors of 970283?
269, 3607
What are the prime factors of 7621811?
349, 21839
List the prime factors of 2437981.
7, 13, 73, 367
List the prime factors of 73354.
2, 36677
List the prime factors of 1562194.
2, 347, 2251
List the prime factors of 17115487.
59, 139, 2087
What are the prime factors of 10763909?
13, 149, 5557
List the prime factors of 199629.
3, 41, 541
List the prime factors of 4344030.
2, 3, 5, 31, 173
What are the prime factors of 1889655?
3, 5, 263, 479
What are the prime factors of 1356395?
5, 271279
What are the prime factors of 109064?
2, 13633
List the prime factors of 51959.
223, 233
List the prime factors of 126794.
2, 63397
What are the prime factors of 12875611?
7, 1839373
List the prime factors of 62819.
62819
List the prime factors of 12007586.
2, 6003793
List the prime factors of 70135.
5, 13, 83
What are the prime factors of 92869?
7, 13267
What are the prime factors of 5955182?
2, 47, 63353
List the prime factors of 353820.
2, 3, 5, 5897
List the prime factors of 1109964.
2, 3, 17, 5441
What are the prime factors of 1132784?
2, 83, 853
What are the prime factors of 12606170?
2, 5, 103, 12239
List the prime factors of 561763.
233, 2411
List the prime factors of 7489728.
2, 3, 13003
List the prime factors of 79091.
139, 569
List the prime factors of 9698529.
3, 71, 45533
What are the prime factors of 230221?
230221
What are the prime factors of 11666309?
2141, 5449
List the prime factors of 230110.
2, 5, 23011
List the prime factors of 43779.
3, 14593
List the prime factors of 17645763.
3, 89, 66089
What are the prime factors of 35111?
35111
What are the prime factors of 1418872?
2, 7, 13, 1949
What are the prime factors of 2664979?
263, 10133
List the prime factors of 2883155.
5, 11, 19, 31, 89
What are the prime factors of 2003294?
2, 53, 18899
List the prime factors of 913279.
913279
What are the prime factors of 6681630?
2, 3, 5, 283, 787
List the prime factors of 7496803.
439, 17077
List the prime factors of 633756.
2, 3, 52813
List the prime factors of 81618.
2, 3, 61, 223
What ar